e
Suppose -144*x + 153*x = 54. Suppose 0 = -x*w - 35*w + 193561. Is w a prime number?
True
Let w(t) = t**3 + 9*t**2 + t - 9. Let h be w(-9). Let c be (-8)/(-5)*3/(h/(-15)). Suppose -c*q + 1494 = -6718. Is q composite?
False
Suppose 18*l - 48 = -6*l. Suppose l*r + 3846 = 4*r. Is r prime?
False
Let d = -136859 - -649750. Is d prime?
True
Let y(q) = 20*q - 16. Let z be y(2). Suppose z*p + 43 = 25*p. Is p prime?
True
Let g = 348613 - 14112. Is g a composite number?
True
Let q = 162235 - -27698. Is q a prime number?
False
Let x = -88 + 93. Is (-2)/x - 21249/(-135) a prime number?
True
Let j(m) = -4*m**3 + 6*m**2 - 9. Let z(k) = 9*k**3 - 12*k**2 + k + 18. Let w(y) = 7*j(y) + 3*z(y). Let n be w(6). Is 1145/n + ((-2)/9 - 0) prime?
True
Let w(n) = 3*n**2 - 5*n - 4. Let y(l) = 16*l**2 - 24*l - 19. Let c(i) = 11*w(i) - 2*y(i). Let u be c(9). Is -2*(-14 + u + (-903)/2) a prime number?
True
Let r = 62856 + 145577. Is r prime?
True
Suppose -25 = -8*h - 1. Suppose h*q + 2*q - 6420 = -5*v, -4*q + 5135 = 3*v. Is q composite?
False
Let j(b) = 9286*b**2 - 26*b - 1. Is j(-3) prime?
False
Let v(l) = 29*l + 14. Let o = 2 + 10. Let w be v(o). Suppose 6*c - 844 - w = 0. Is c prime?
False
Suppose -74*t = -20*t - 120798. Is t a composite number?
False
Let g be (40/48)/(5/30). Suppose -g*x + 2490 = -5*r, -610 - 896 = -3*x - r. Is x composite?
True
Let t(g) be the second derivative of g**6/72 - 7*g**5/120 + 15*g**4/8 - 41*g**3/6 - 14*g. Let w(v) be the second derivative of t(v). Is w(21) prime?
False
Let d(g) = -3*g + 1. Let y be d(-1). Suppose -52 = -y*k - 4. Suppose -k*v = -2*v - 5570. Is v a composite number?
False
Is ((-29)/145)/(7/(-848365)) a prime number?
True
Suppose 3*v - 146750 = -y + 648971, 0 = v - 4*y - 265249. Is v composite?
False
Let d(x) = 2373*x - 42. Let m be d(15). Suppose -4*s + m = -7*s. Let o = -7638 - s. Is o prime?
False
Suppose 458185 = 34*p - 312901. Is p composite?
False
Let o(w) = 18*w**3 + 33*w**2 - 194*w - 402. Is o(35) a prime number?
True
Suppose 28*c - 1190183 - 753101 = 0. Is c composite?
False
Suppose 5*j - 14 = 2*p, 3*j - 22 + 1 = -3*p. Suppose -4*g - j*v + 8799 = 3059, 0 = g + 5*v - 1423. Is g composite?
True
Let g be 1971/54 + (-2)/(-4). Suppose g*j - 29365 = 32*j. Is j prime?
False
Let z(q) = 1616*q**2 + 3*q - 43. Is z(8) prime?
False
Is 27 + -48 + (7 - -384933) a composite number?
False
Let q(r) = 388*r**2 - 51*r + 1572. Is q(23) prime?
True
Let u be ((-14)/6 - (1 - 1))*468. Let j = u - -1869. Suppose m - 3*m = -3*v + j, -3*v = -m - 774. Is v a prime number?
True
Suppose 0 = -10*w - 4*w + 338366. Suppose 9658 = 2*h - 0*f - 4*f, 2*f + w = 5*h. Is h a prime number?
False
Let r = -8 + 14. Let j(s) = 4*s**2 + 2*s - 80. Let w be j(-8). Suppose w = r*a - 350. Is a composite?
True
Suppose -6*r - 6*r = -72. Let f(m) = 8639*m + 21. Let t be f(r). Is t/(-10)*(-8)/12 a composite number?
False
Let t be -1 + ((-8)/(-36) - 338/(-18)). Suppose 12 = -3*o + t. Let z(v) = 124*v + 3. Is z(o) composite?
False
Let h(n) = 3*n**2 + 3*n - 17. Suppose 4*l = 2*l - 2*m + 16, -5*l - 10 = -5*m. Suppose -u + l*u = 2*g - 14, 2*g = 4*u + 32. Is h(u) a prime number?
True
Let o(g) = -8*g + 21. Let k be o(7). Let l be (-20)/(-6)*42/k. Is -2 - l - 4 - -495 a prime number?
False
Let c be (4 + -6)/((-2)/(-593)). Let u be 89/(3 + (28/(-12) - 1)). Let z = u - c. Is z a prime number?
False
Let z = 41 + -34. Is (14029 - 0)/((z + -8)/(-1)) a prime number?
True
Suppose -353*b = -343*b - 123460. Is b prime?
False
Suppose 5*q + p = 361617, 59*q - 57*q - 144656 = -5*p. Is q a composite number?
True
Let o = 40549 + -16603. Let y = -10087 + o. Is y composite?
False
Suppose 10 = -c - 3*p, 4*p - 3 = c - 0. Let n = 12 + c. Suppose -1173 = -n*z + 602. Is z composite?
True
Let j(q) = 72*q**2 + 8*q + 257. Is j(-36) composite?
False
Let m = -29025 - -53994. Let n = -13192 + m. Is n prime?
True
Let r(p) = -19*p**3 + 17*p**2 + 102*p + 1237. Is r(-15) composite?
True
Let s(z) = -3*z - 23. Let p be s(-11). Suppose -138 - 2 = -p*k. Is k a prime number?
False
Suppose f + 262 = -f. Let m = -1010 + 586. Let b = f - m. Is b a composite number?
False
Let m = 88253 + -11116. Is m composite?
False
Suppose 5*t = 70*m - 75*m + 4358415, -4*t - 3486700 = -4*m. Is m a prime number?
True
Suppose 3*p - y - 676 = 0, -3*p + 532 = 3*y - 152. Suppose -3*h + 5*t + 16 = 0, -2*h + 3 + 7 = -3*t. Suppose -4*b = -h*b - p. Is b composite?
False
Let c = -454 + 451. Is -2*317/c*(-561)/(-34) a composite number?
True
Suppose 0 = -47*b - 695027 + 2010228. Is b prime?
True
Suppose -24*q - 812*q = -995456132. Is q composite?
False
Let h(r) = 4238*r - 3655. Is h(52) a prime number?
False
Let s(l) be the first derivative of -l**2/2 - l - 11. Let x be s(1). Is (12/(-8)*x)/(1/331) composite?
True
Suppose -743 = -5*m + 1627. Suppose 3*w - 434 = -2*r, 5*r + 28 = -3*w + m. Is w a composite number?
True
Let y = 426 + -420. Is (-9)/y*51298/(-39) composite?
False
Suppose 0 = w + 3, -w = -16*p + 14*p - 1. Let t be 1 + ((-186)/(-8) - p/(-8)). Is ((-2777)/(-2))/((-2)/(t/(-6))) composite?
False
Let g(p) be the first derivative of p**4/4 + 23*p**3/3 + 3*p**2 - p - 15. Is g(-11) prime?
False
Let j be ((-26)/(-65))/((-1)/15*-1). Suppose 23 = j*y - 49. Let u(w) = 34*w - 19. Is u(y) prime?
True
Let n = 1113568 + -232997. Is n prime?
True
Let z(h) = 2*h. Let t(l) = -98*l + 13. Let i(o) = t(o) + 6*z(o). Is i(-14) a composite number?
False
Suppose -w + 108429 = 5*m, 11*w - 108441 = -5*m + 7*w. Let s = -11198 + m. Is s prime?
True
Let p(u) = 178*u**3 - 114*u**2 - 22*u - 31. Is p(10) prime?
True
Let z(v) = v**3 - 56*v**2 + 23*v - 791. Is z(84) a composite number?
True
Is (-31 + 26)*(-296074)/10 a composite number?
True
Suppose 3*y = 14*y - 106975. Suppose 5*x = -2*k + 39445, -5*x = k - y - 10005. Is k a composite number?
True
Let o = -118 - -83. Let r = 29 + o. Is (1053/r)/((-6)/8) - -1 composite?
True
Suppose -8*g + g - 196 = 0. Let o = 53 - 7. Let l = o - g. Is l a prime number?
False
Let b(h) = 1578*h**2 + 11*h + 5. Let y = 209 + -205. Is b(y) prime?
False
Let w(l) be the second derivative of 16*l**4 + 2*l**3/3 + 3*l**2/2 + 62*l + 2. Is w(-5) composite?
False
Suppose 2*z = 4*b - 93516, z + 6411 - 123306 = -5*b. Is b a prime number?
False
Suppose -15*f = -10*f - 25. Suppose 3*h + 5*k - 26 = 0, -f*k = -2*h - h - 14. Suppose 49 = -h*s + 1863. Is s composite?
False
Let r(d) be the first derivative of d**3/3 + 17*d**2/2 - d - 28. Let i be r(-16). Let k(o) = -36*o + 50. Is k(i) prime?
False
Is -4 - (-208620 + -1) - ((-13 - -12) + 9) a composite number?
False
Let j = -137 - -166. Suppose -j*x + 52794 = -11*x. Is x composite?
True
Let z(w) be the third derivative of -3*w**6/40 - w**5/10 - w**4/8 - 11*w**3/6 - 64*w**2. Is z(-6) composite?
True
Suppose 524*b = 521*b - 3. Let d(i) = -4143*i**3 - i**2 - i - 2. Is d(b) a composite number?
True
Suppose 0 = 3*k + 3*a - 2*a - 6, -4*a - 9 = k. Suppose k*y = 1042 - 232. Suppose 224 = 2*l - y. Is l a composite number?
True
Let j be (5*1)/((-37)/37). Let w(n) = 113*n**2 + n - 9. Is w(j) prime?
False
Suppose 47 = -4*k - 5*y, -2*k + 2 = 3*y + 25. Let c(f) = -f**3 + 2*f**2 - 19*f - 101. Is c(k) a prime number?
False
Suppose 0 = 2*b - 2469 - 3373. Is b composite?
True
Let j(q) = 371*q + 210. Let f be j(-24). Let o = f + 16025. Is o composite?
False
Suppose 2*s - 9 = 9. Suppose 5*f + s*u - 13*u = 5955, 5*f = -2*u + 5925. Is f composite?
False
Let q(l) = -173*l**3 - 3*l**2 - 17*l - 43. Is q(-6) a prime number?
False
Suppose 2*g + 20721 + 2825 = 0. Let z = g - -16586. Is z a prime number?
True
Suppose -4*f - 5*y = -0*f - 1951, 2*f - 5*y = 953. Let d = -52 + f. Suppose 1702 = 2*z - d. Is z composite?
True
Suppose n - 5*j = -16, 32 = 3*n + n + 4*j. Let k be (-4)/n + 9*-3. Is k/3*2634/(-8) composite?
True
Let a(z) be the first derivative of 113*z**2 + 15*z + 1. Is a(5) a composite number?
True
Let y = -217046 - -428539. Is y composite?
False
Let y(a) = 77*a**2 + 10*a + 2. Suppose -3*w = -4*q + 44, 4*w + 15 = -1. Let z be (172/18)/2 + q/36. Is y(z) composite?
True
Let s(q) = 8*q**2 - 5*q + 1. Let t be s(3). Let j be -2*t/2*2/(-4). Suppose -4*k + 5*u = -j, -2*u + 26 = 2*k - 2. Is k composite?
False
Let t be 10/(-1*(-20)/8). Suppose -t*o - 16279 + 101531 = 0. Is o prime?
True
Suppose 0 = -96*y + 208374 + 2319018. Is y a